 (-46 + 50 - -34) + -174?
-136
Calculate 25 + 70 + (-24 - 2).
69
Calculate -28 - -16 - -53 - 22.
19
What is -77 - -51 - (22 + -17)?
-31
Evaluate (-129 - (126 + -373)) + -1 + -13.
104
Calculate -2619 - -2555 - (-104 + 0).
40
-21 - (-49 + -46 + 61)
13
-14746 + 14654 + -10 + 0 + 2
-100
Calculate (1 - -33) + 1 - ((-97 - -35) + 56).
41
Evaluate (-19 - -25) + (14 - 16) - (7 - 5 - -32).
-30
Evaluate -24 + 57 + -29 + -3 - 63.
-62
What is -1 + 24 + (8 + -14 - 146) + (11 - 2)?
-120
Calculate (-6 - (-29 - -65)) + 0 + (-4 - 1).
-47
Evaluate -30 - (-17 - (-63 - 5)).
-81
What is the value of 14 - (-12 + 23 - 0) - (40 - 1)?
-36
Evaluate 32 + (12 - -58) + -172.
-70
What is the value of -4 - (-10 - 0) - (-66 + -37 + (-5 - -21))?
93
(-1 - 0) + 6 - (-5 - (-96 + 7 - -27))
-52
Evaluate 3 + -25 + 22 - 20 - -80.
60
Evaluate 15 - (-36 + (-17 - -11 - 10)) - (-1 + 10).
58
Evaluate (12 - 16 - 1) + -8 - (-6 + 16 + -125).
102
What is the value of (50 + 65 - 54) + -54?
7
-6 + (-12 - (-4 - 20)) - (3 + -9 + 4)
8
Calculate 22 + (-129 - -84) + (-5 - 51).
-79
Evaluate 10 + 3 + -3 + (10 - 22) + -13.
-15
Calculate (0 - (-19 + -13)) + 24 + -4.
52
What is -1 - ((2 - -2) + -78 + 76 + (0 - -56))?
-59
4 - ((9 - 1) + (8 + -3 + 35 - 4))
-40
What is the value of 55 - ((40 - 56) + 78)?
-7
Evaluate (0 - -10 - (-19 - -26 - 10)) + -6.
7
1 + 2 + (1 - -42 - (35 - (133 - 82)))
62
Evaluate (-27 - (-55 - -114)) + 182.
96
Evaluate 8 + 13 + 5 + -11 + -6 + -3.
6
What is -1 + 36 - (-11 - (14 - 28) - 12) - -10?
54
Evaluate (-4 - 2) + -21 + 15 + (-120 - -82).
-50
Calculate -12 + 0 + (24 - (-22 + 20)) - -13.
27
47 - (-16 - (-3 + 6 + (5 + -3 - 13)))
55
Evaluate -20 + -31 - (-180 - -78).
51
Calculate -4 - ((76 + -3 - -1) + -19 + 19 + -9).
-69
Calculate 8 + 41 + 10 + -19 - 102.
-62
What is (-40 + (-23 - -13) - -40) + 19?
9
-70 + 82 + -1 + -22 - (-1 - 69)
59
What is the value of 22 + 5 + -7 + 122 + -119?
23
Evaluate -22 + 50 + (4 - (-1 + 3)).
30
(34 - -18) + -87 + 44
9
What is the value of 9 - (14 + -4 + -1)?
0
Calculate -21 + -3 + -16 + 32 + -83.
-91
What is the value of 26 - (-48 - (-121 - -50))?
3
What is -79 + 1 - (16 + 21) - -26?
-89
What is the value of 10 - ((805 - 727) + (1 - 21))?
-48
What is (-5 - 0) + 7 + (29 - 37)?
-6
Calculate -21 + (8 - 5) + -169 + 156.
-31
What is 3537 + -3627 + 1 + 26?
-63
What is the value of -5 + (9 - 5) + 74 + 13 + -33 + 10?
63
What is the value of (-14 - (2 + 9 - 2)) + 8 + -18?
-33
What is the value of 20 - 45 - (-138 - -41)?
72
-62 - (-20 + 100 - 158)
16
What is the value of 101 + (74 - 44) - (37 - 15)?
109
What is the value of -14 - (5 - 15 - 7) - 22?
-19
(-24 - (-3 + (-36 - -15))) + (-1 - -47)
46
What is the value of (4 - (11 - 23)) + -49 - (-8 - 7)?
-18
What is the value of -16 + ((31 + 10 - 15) + 0 - -6)?
16
Evaluate (-32 - (-156 + 97)) + 2 + -37.
-8
What is the value of (40 - 24) + 4 - (23 + -2)?
-1
Calculate (-568 - -454) + (95 - 19).
-38
What is (-40 + -2 + 25 - -10) + (-13 + 2 - 0)?
-18
(-47 - 4) + 91 + -69
-29
What is 101 - 98 - (52 + -100)?
51
Calculate 1 + -41 + 2 + (17 - (8 + 10)).
-39
Calculate (12 + -10 - 1) + 35 + -7 + 13 - -3.
45
What is the value of 10 + (-31 - -10) - (2 - 113)?
100
Evaluate 22 + (-32 + 13 - 19) - 6.
-22
What is the value of 738 + -745 - (7 - (3 - 6) - (3 + -3))?
-17
Calculate (-86 - -1 - -8) + -86 + 94.
-69
What is the value of 62 + (-33 - (7 - 44) - -21)?
87
What is (-8 - -35) + (-74 - -35) - (0 - -2 - -15)?
-29
What is -20 - (-42 - -25 - (10 + 18))?
25
Evaluate -105 + (16 - (8 - 19 - -19)) + 7.
-90
What is the value of (-58 - (-94 - -53)) + -73?
-90
Evaluate 42 + 0 + (-6724 - -6682).
0
What is 65 - (39 - -32) - (-12 + -3 + -1)?
10
-63 - -9 - (23 + -37)
-40
What is the value of -951 + 935 + (1 - -66)?
51
Evaluate 0 + 9 - (-76 + 801 + -788 + (-1 - -12)).
61
9 + -7 - ((-9 - 4) + 1 + 4) - 35
-25
What is (9 - 25) + -15 - (1 + 7)?
-39
Evaluate (-8 - (-5 + -2) - -12) + (-55 - 35) + -28.
-107
What is the value of 16 - (52 - (27 - 0 - 32))?
-41
What is the value of (18 + 0 - (-112 - -119)) + -60?
-49
Evaluate 13 - (6 + -5) - 26 - -5 - (-4 + -21).
16
(34 - (-29 + 19 + 48)) + -97
-101
-5 + 7 + (-3 + -11 + -28 - 13)
-53
What is the value of 4 + 35 + -179 + 199?
59
Evaluate 98 + -25 + -12 - 52.
9
-8 + -3 + (22 - 9) + 11 + -35
-22
What is (-4 + 29 - -9) + (8 - -1) + -2?
41
What is the value of (4 - -3) + (-1101 - -1049)?
-45
-67 + 43 + 54 + -72
-42
Calculate 5 + (-36 - -16 - -24) + -2 + -58.
-51
34 + -18 + -32 - (1 + -8 + -1)
-8
What is -48 + (-3 + -1 - (358 - 373))?
-37
Calculate -14 - (-31 + -42 + 73).
-14
What is -38 - (-66 + 35) - -4?
-3
What is (-16 - 8) + (-7 + -2 - -27)?
-6
Evaluate (4034 - 4030) + 1 + 54.
59
What is 0 - -42 - (947 - 897)?
-8
Calculate -3 + 51 + (5 - (18 - 28) - 36).
27
Calculate (22 + 55 - 87) + -1 + -3.
-14
Evaluate 32 - (26 - -29 - -6) - (6 + 0).
-35
Evaluate 0 - -64 - ((-1 - -20) + (78 - 21 - 67)).
55
Evaluate -7 + 50 + 6 + (-7 - 3 - (19 - 19)).
39
What is 1 - -4 - (347 - 289)?
-53
What is the value of 95 + (28 - 41 - 16) - -4?
70
What is 8 - -34 - 1 - (363 - 356)?
34
Calculate (-104 - (-35 - -17)) + (-2 - (-1 + -16)).
-71
Calculate 787 - 793 - (3 - 59).
50
What is the value of -36 - (7 - (54 - 94))?
-83
Calculate 23 - -9 - (-109 - -99).
42
-199 + 264 + (3 - 33) + -26 + -48 + -1
-40
What is the value of -24 + (38 + -18 - 40)?
-44
Calculate -73 + (-4 - (19 - 72)).
-24
Evaluate ((3 - 7) + 5 - 5) + 8 + 510 + -499.
15
Evaluate (48 - (-16 + 45)) + -23 + 2 + -1.
-3
Evaluate 6 - ((97 + -23 - -9) + 0 + -1 + -8).
-68
Calculate 4 + (-3 - -4 - 15) - (83 - 75).
-18
Evaluate -4 + (-7 - -5) + (17 - (10 + 6 + -3)).
-2
What is the value of 7 + -1 + 0 + (23 - 24) - (-4595 - -4659)?
-59
(43 + -42 - 31) + 19
-11
What is the value of (0 - (8 - 0)) + (-109 - -9 - -36)?
-72
Calculate 37 - (-3 - (24 + 7 + -68)).
3
Calculate -8 + 8 + (34 - 4) + -22.
8
What is 16 + (10 - 1) - (-7 + 8 + 9)?
15
What is 51 + (-18 - (-26 + 28))?
31
What is the value of 12 + (-51 - -69 - -14)?
44
What is -7 - (-3 - ((2 + -6 - 12) + 10))?
-10
What is the value of -19 - (-27 - -11 - 78 - -16)?
59
What is -9780 + 9646 - (-168 + 2)?
32
Evaluate 2763 + -2750 + -2 + 0 + 1 + 7 + -14.
5
What is (1 - (0 + -9)) + -26 + -36 + 42?
-10
Evaluate -2 + -3 - -60 - ((1 - -1) + (39 - 46)).
60
What is -1 + -22 - (-76 + 41 + 38)?
-26
What is -5 + (-6 + 4 - -12) + (13 + -4 - 38)?
-24
Evaluate 23 + 15 - 48 - (-99 - (-3 - 2 - -4)).
88
Evaluate -4284 - -4221 - (-4 + (-3 - (1 - 1))).
-56
What is the value of -59 + (-30 - -116) - 7?
20
Evaluate (6 - -42) + -41 + -31 + 54.
30
Calculate -88 + (48 - 9) - -50.
1
Evaluate (687 - 680) + -3 + 2.
6
Calculate (2 - -1) + -28 + 3 + (-9 - -7 - 2).
-26
Evaluate -39 + -12 + 28 + 18 + (-4 - 1 - -7).
-3
Evaluate 6 + -13 + (-4 + (-8 - 2) - (15 - 7)).
-29
What is -8 + 0 - (3 + (13 - (67 + (-4 - -3))))?
42
Evaluate 0 + -7 - -10 - (-17 + 3 - -6).
11
What is the value of (28 - -3) + (24 + 11 + -19 - (33 + -29))?
43
Evaluate -7 + (-127 + 122 - (-4 - -1 - 10)) + 0.
1
Calculate (-14 - -26) + (22 - 5) + -1.
28
What is the value of -43 + 88 + -45 + 14?
14
Calculate 72 + -32 + -13 + -31.
-4
Evaluate 3 - 6 - 7 - (-22 + (26 - 58)).
44
-1 + (-5 + 10 - -5) + -6 - (-44 - -3)
44
What is the value of -3 - -2 - ((4 - 41) + 8 + 9 + -8)?
27
What is the value of 32 + (-19 - -46 - 74)?
-15
What is the value of -545 + 517 + (-5 - -22)?
-11
Calculate -157 - -124 - ((-9 - 1) + 58).
-81
What is 25 + -58 + 11 + -1 + 12 - -36?
25
Evaluate (-5 + -3 + 1 - (-4 - 13 - -12)) + -57.
-59
What is the value of 34 + (53 - 35) + -48 + 0 + -44?
-40
(-42 - (38 - 38)) + -8
-50
Calculate 2 + -12 + (-20 - (-31 - -27)).
-26
What is the value of (4 - (99 + -26)) + (27 - 2)?
-44
What is the value of -39 - (9 + (-30 - (15 + -68)))?
-71
What is the value of (1 + -2 - (78 + -63)) + -10?
-26
(-6 + -1 + -7 - -7) + 9 + 5 + 2
9
Calculate -51 + 62 - (-8 + 48) - -7.
-22
What is (-9 - -2 - (162 - 183)) + (-4 - -2) - -67?
79
383 - 322 - (13 + (4 + -3 - 2))
49
What is 74 + -29 + 41 + -1 + -52 + 34?
67
Evaluate 5 - (8 + 1 - (-1 + -7 + 1 + 9)).
-2
What is -25 + (-3 - -1) - (-34 + 48 + 6)?
-47
(-186 - (-12 + -50)) + 235
111
Calculate -2 - (2 + -61) - (-347 + 397).
7
Evaluate (13 - (-5 - -8)) + (-36 + -14 - -3).
-37
Evaluate (31570 - 31566) + (1 - 79 - 1).
-75
What is the value of -19 - ((-7 - 6) + (-24 - (8 + -24))